{"id":7,"date":"2025-08-23T11:50:01","date_gmt":"2025-08-23T11:50:01","guid":{"rendered":"https:\/\/www.pikels.fr\/?page_id=7"},"modified":"2025-09-03T09:57:02","modified_gmt":"2025-09-03T09:57:02","slug":"page-daccueil","status":"publish","type":"page","link":"https:\/\/www.pikels.fr\/","title":{"rendered":"Page d&rsquo;accueil"},"content":{"rendered":"\t\t<div data-elementor-type=\"wp-page\" data-elementor-id=\"7\" class=\"elementor elementor-7\" data-elementor-post-type=\"page\">\n\t\t\t\t<div class=\"elementor-element elementor-element-2d337e2 e-flex e-con-boxed e-con e-parent\" data-id=\"2d337e2\" data-element_type=\"container\" data-settings=\"{&quot;background_background&quot;:&quot;classic&quot;}\">\n\t\t\t\t\t<div class=\"e-con-inner\">\n\t\t<div class=\"elementor-element elementor-element-4fa402c e-con-full e-flex e-con e-child\" data-id=\"4fa402c\" data-element_type=\"container\">\n\t\t\t\t<div class=\"elementor-element elementor-element-96553bd elementor-widget__width-initial elementor-widget elementor-widget-heading\" data-id=\"96553bd\" data-element_type=\"widget\" data-widget_type=\"heading.default\">\n\t\t\t\t\t<h2 class=\"elementor-heading-title elementor-size-default\">Le bon go\u00fbt du <br> hot-dog !<\/h2>\t\t\t\t<\/div>\n\t\t\t\t<div class=\"elementor-element elementor-element-e4fec95 elementor-align-center elementor-mobile-align-center elementor-widget elementor-widget-button\" data-id=\"e4fec95\" data-element_type=\"widget\" data-widget_type=\"button.default\">\n\t\t\t\t\t\t\t\t\t\t<a class=\"elementor-button elementor-button-link elementor-size-sm\" href=\"#\">\n\t\t\t\t\t\t<span class=\"elementor-button-content-wrapper\">\n\t\t\t\t\t\t\t\t\t<span class=\"elementor-button-text\">D\u00e9couvrir le menu<\/span>\n\t\t\t\t\t<\/span>\n\t\t\t\t\t<\/a>\n\t\t\t\t\t\t\t\t<\/div>\n\t\t\t\t<\/div>\n\t\t\t\t\t<\/div>\n\t\t\t\t<\/div>\n\t\t<div class=\"elementor-element elementor-element-84a0e16 e-con-full e-flex e-con e-parent\" data-id=\"84a0e16\" data-element_type=\"container\" data-settings=\"{&quot;background_background&quot;:&quot;classic&quot;}\">\n\t\t<div class=\"elementor-element elementor-element-a4c3159 e-con-full elementor-hidden-desktop elementor-hidden-mobile e-flex e-con e-child\" data-id=\"a4c3159\" data-element_type=\"container\">\n\t\t\t\t<div class=\"elementor-element elementor-element-a8c692f elementor-widget elementor-widget-html\" data-id=\"a8c692f\" data-element_type=\"widget\" data-widget_type=\"html.default\">\n\t\t\t\t\t<script>\nfunction Marquee(selector, speed) {\n  const parent = document.querySelector(selector);\n  const clone = parent.innerHTML;\n  let i = 0;\n  parent.innerHTML += clone;\n\n  setInterval(() => {\n    i += speed;\n    if (i >= parent.children[0].clientWidth) i = 0;\n    parent.children[0].style.marginLeft = `-${i}px`;\n  }, 0);\n}\n\nwindow.addEventListener('load', () => Marquee('.marquee', .3));\n<\/script>\t\t\t\t<\/div>\n\t\t\t\t<\/div>\n\t\t\t\t<div class=\"elementor-element elementor-element-2274809 elementor-widget__width-inherit marquee elementor-widget elementor-widget-heading\" data-id=\"2274809\" data-element_type=\"widget\" data-widget_type=\"heading.default\">\n\t\t\t\t\t<h2 class=\"elementor-heading-title elementor-size-default\">\ud83d\udccdOuvert tout les jours de 11h \u00e0 minuit ! 40 Cr Jean Jaur\u00e8s, 38000 Grenoble \ud83d\udccdOuvert tout les jours de 11h \u00e0 minuit ! 40 Cr Jean Jaur\u00e8s, 38000 Grenoble&nbsp;<\/h2>\t\t\t\t<\/div>\n\t\t\t\t<\/div>\n\t\t<div class=\"elementor-element elementor-element-3236ba5 e-con-full e-flex e-con e-parent\" data-id=\"3236ba5\" data-element_type=\"container\" data-settings=\"{&quot;animation&quot;:&quot;none&quot;,&quot;animation_mobile&quot;:&quot;none&quot;}\">\n\t\t<div class=\"elementor-element elementor-element-bb8b804 e-con-full e-flex e-con e-child\" data-id=\"bb8b804\" data-element_type=\"container\" data-settings=\"{&quot;background_background&quot;:&quot;classic&quot;}\">\n\t\t\t\t<\/div>\n\t\t<div class=\"elementor-element elementor-element-aaf18a7 e-con-full e-flex e-con e-child\" data-id=\"aaf18a7\" data-element_type=\"container\" data-settings=\"{&quot;background_background&quot;:&quot;classic&quot;}\">\n\t\t\t\t<div class=\"elementor-element elementor-element-2e2a377 elementor-widget__width-initial elementor-widget elementor-widget-heading\" data-id=\"2e2a377\" data-element_type=\"widget\" data-widget_type=\"heading.default\">\n\t\t\t\t\t<h2 class=\"elementor-heading-title elementor-size-default\">Pikel's <br> le hot dog grenoblois<\/h2>\t\t\t\t<\/div>\n\t\t\t\t<div class=\"elementor-element elementor-element-99e854a elementor-widget elementor-widget-text-editor\" data-id=\"99e854a\" data-element_type=\"widget\" data-widget_type=\"text-editor.default\">\n\t\t\t\t\t\t\t\t\t<p data-start=\"318\" data-end=\"652\">Tout a commenc\u00e9 quand Nadjib et Medhi ont lanc\u00e9s l\u2019id\u00e9e de revisiter le hot-dog \u00e0 la sauce am\u00e9ricaine, mais avec une touche unique et g\u00e9n\u00e9reuse. Inspir\u00e9 par la culture hip-hop et l\u2019\u00e9nergie des rues new-yorkaises, Pikel\u2019s s\u2019est donn\u00e9 une mission simple : faire du hot-dog un vrai plat de street food, gourmand, fun et inoubliable.<\/p><p data-start=\"916\" data-end=\"1066\">Aujourd\u2019hui, Pikel\u2019s est devenu <strong data-start=\"948\" data-end=\"1013\">l\u2019adresse street food pr\u00e9f\u00e9r\u00e9e des vrais amateurs de hot-dogs<\/strong>, un lieu o\u00f9 go\u00fbt, vibes et partage se rencontrent.<\/p>\t\t\t\t\t\t\t\t<\/div>\n\t\t\t\t<div class=\"elementor-element elementor-element-4f21a8c elementor-align-justify elementor-mobile-align-justify elementor-widget__width-initial elementor-widget elementor-widget-button\" data-id=\"4f21a8c\" data-element_type=\"widget\" data-widget_type=\"button.default\">\n\t\t\t\t\t\t\t\t\t\t<a class=\"elementor-button elementor-button-link elementor-size-sm\" href=\"https:\/\/deliveroo.fr\/fr\/menu\/grenoble\/grenoble-gare-sncf\/pikels-grenoble-40-cours-jean-jaures\" target=\"_blank\">\n\t\t\t\t\t\t<span class=\"elementor-button-content-wrapper\">\n\t\t\t\t\t\t\t\t\t<span class=\"elementor-button-text\">commander<\/span>\n\t\t\t\t\t<\/span>\n\t\t\t\t\t<\/a>\n\t\t\t\t\t\t\t\t<\/div>\n\t\t\t\t<\/div>\n\t\t\t\t<\/div>\n\t\t<div class=\"elementor-element elementor-element-18d5232 e-con-full e-flex e-con e-parent\" data-id=\"18d5232\" data-element_type=\"container\" data-settings=\"{&quot;animation_mobile&quot;:&quot;fadeInLeft&quot;}\">\n\t\t<div class=\"elementor-element elementor-element-5f59ad6 e-con-full e-flex e-con e-child\" data-id=\"5f59ad6\" data-element_type=\"container\" data-settings=\"{&quot;background_background&quot;:&quot;classic&quot;}\">\n\t\t\t\t<\/div>\n\t\t<div class=\"elementor-element elementor-element-aa4fd1d e-con-full e-flex e-con e-child\" data-id=\"aa4fd1d\" data-element_type=\"container\" data-settings=\"{&quot;background_background&quot;:&quot;classic&quot;}\">\n\t\t\t\t<div class=\"elementor-element elementor-element-774c7b0 elementor-widget__width-initial elementor-widget elementor-widget-heading\" data-id=\"774c7b0\" data-element_type=\"widget\" data-widget_type=\"heading.default\">\n\t\t\t\t\t<h2 class=\"elementor-heading-title elementor-size-default\">NOTRE MENU<\/h2>\t\t\t\t<\/div>\n\t\t\t\t<div class=\"elementor-element elementor-element-86031ab elementor-widget elementor-widget-text-editor\" data-id=\"86031ab\" data-element_type=\"widget\" data-widget_type=\"text-editor.default\">\n\t\t\t\t\t\t\t\t\t<p data-start=\"213\" data-end=\"485\">Chez <strong data-start=\"218\" data-end=\"229\">Pikel\u2019s<\/strong>, on a mis tout notre c\u0153ur et notre savoir-faire dans un seul but : transformer le hot-dog en une v\u00e9ritable exp\u00e9rience street food. Des recettes g\u00e9n\u00e9reuses, des sauces maison qui claquent, et des ingr\u00e9dients frais pour un go\u00fbt authentique et inoubliable.<\/p><p data-start=\"487\" data-end=\"705\">Que tu sois plut\u00f4t classique ou audacieux, v\u00e9g\u00e9tarien ou fan de viandes bien grill\u00e9es, notre carte a forc\u00e9ment un hot-dog fait pour toi. Et bien s\u00fbr, tout est pr\u00e9par\u00e9 avec soin et passion.<\/p>\t\t\t\t\t\t\t\t<\/div>\n\t\t\t\t<div class=\"elementor-element elementor-element-cf3dc55 elementor-align-justify elementor-mobile-align-justify elementor-widget__width-initial elementor-widget elementor-widget-button\" data-id=\"cf3dc55\" data-element_type=\"widget\" data-widget_type=\"button.default\">\n\t\t\t\t\t\t\t\t\t\t<a class=\"elementor-button elementor-button-link elementor-size-sm\" href=\"#\">\n\t\t\t\t\t\t<span class=\"elementor-button-content-wrapper\">\n\t\t\t\t\t\t\t\t\t<span class=\"elementor-button-text\">menu<\/span>\n\t\t\t\t\t<\/span>\n\t\t\t\t\t<\/a>\n\t\t\t\t\t\t\t\t<\/div>\n\t\t\t\t<\/div>\n\t\t\t\t<\/div>\n\t\t<div class=\"elementor-element elementor-element-19b15a4 e-con-full e-flex e-con e-parent\" data-id=\"19b15a4\" data-element_type=\"container\" data-settings=\"{&quot;background_background&quot;:&quot;classic&quot;}\">\n\t\t\t\t<div class=\"elementor-element elementor-element-ed28682 elementor-hidden-desktop elementor-hidden-tablet elementor-hidden-mobile elementor-widget elementor-widget-html\" data-id=\"ed28682\" data-element_type=\"widget\" data-widget_type=\"html.default\">\n\t\t\t\t\t<script>\nfunction Marquee2(selector, speed) {\n  const parent = document.querySelector(selector);\n  const clone = parent.innerHTML;\n  let i = parent.children[0].clientWidth;\n  parent.innerHTML += clone + clone;\n  const totalWidth = parent.children[0].clientWidth * 2;\n  setInterval(() => {\n    i -= speed;\n    if (i <= 0) i = totalWidth;\n    parent.children[0].style.marginLeft = `-${i}px`;\n  }, 0);\n}\n\nwindow.addEventListener('load', () => Marquee2('.marquee2', .5));\n<\/script>\t\t\t\t<\/div>\n\t\t\t\t<div class=\"elementor-element elementor-element-33adbc9 elementor-widget__width-inherit marquee2 elementor-widget elementor-widget-heading\" data-id=\"33adbc9\" data-element_type=\"widget\" data-widget_type=\"heading.default\">\n\t\t\t\t\t<h2 class=\"elementor-heading-title elementor-size-default\">LE HOT DOG GRENOBLOIS \ud83c\udf2d LE HOT DOG GRENOBLOIS \ud83c\udf2d LE HOT DOG GRENOBLOIS \ud83c\udf2d LE HOT DOG GRENOBLOIS \ud83c\udf2d LE HOT DOG GRENOBLOIS \ud83c\udf2d LE HOT DOG GRENOBLOIS \ud83c\udf2d LE HOT DOG GRENOBLOIS \ud83c\udf2d&nbsp;<\/h2>\t\t\t\t<\/div>\n\t\t\t\t<\/div>\n\t\t<div class=\"elementor-element elementor-element-a1594bc e-con-full e-flex e-con e-parent\" data-id=\"a1594bc\" data-element_type=\"container\" data-settings=\"{&quot;background_background&quot;:&quot;classic&quot;}\">\n\t\t\t\t<div class=\"elementor-element elementor-element-f0c5f8d elementor-arrows-position-inside elementor-widget elementor-widget-image-carousel\" data-id=\"f0c5f8d\" data-element_type=\"widget\" data-settings=\"{&quot;slides_to_show&quot;:&quot;4&quot;,&quot;slides_to_scroll&quot;:&quot;4&quot;,&quot;slides_to_show_mobile&quot;:&quot;4&quot;,&quot;navigation&quot;:&quot;arrows&quot;,&quot;autoplay&quot;:&quot;yes&quot;,&quot;pause_on_hover&quot;:&quot;yes&quot;,&quot;pause_on_interaction&quot;:&quot;yes&quot;,&quot;autoplay_speed&quot;:5000,&quot;infinite&quot;:&quot;yes&quot;,&quot;speed&quot;:500}\" data-widget_type=\"image-carousel.default\">\n\t\t\t\t\t\t\t<div class=\"elementor-image-carousel-wrapper swiper\" role=\"region\" aria-roledescription=\"carousel\" aria-label=\"Carrousel d\u2019images\" dir=\"ltr\">\n\t\t\t<div class=\"elementor-image-carousel swiper-wrapper swiper-image-stretch\" aria-live=\"off\">\n\t\t\t\t\t\t\t\t<div class=\"swiper-slide\" role=\"group\" aria-roledescription=\"slide\" aria-label=\"1 sur 11\"><figure class=\"swiper-slide-inner\"><img decoding=\"async\" class=\"swiper-slide-image\" src=\"https:\/\/www.pikels.fr\/wp-content\/uploads\/2025\/09\/WhatsApp-Image-2025-09-03-at-10.23.16-1-1024x1024.jpeg\" alt=\"WhatsApp Image 2025-09-03 at 10.23.16 (1)\" \/><\/figure><\/div><div class=\"swiper-slide\" role=\"group\" aria-roledescription=\"slide\" aria-label=\"2 sur 11\"><figure class=\"swiper-slide-inner\"><img decoding=\"async\" class=\"swiper-slide-image\" src=\"https:\/\/www.pikels.fr\/wp-content\/uploads\/2025\/09\/2-1024x1024.jpg\" alt=\"2\" \/><\/figure><\/div><div class=\"swiper-slide\" role=\"group\" aria-roledescription=\"slide\" aria-label=\"3 sur 11\"><figure class=\"swiper-slide-inner\"><img decoding=\"async\" class=\"swiper-slide-image\" src=\"https:\/\/www.pikels.fr\/wp-content\/uploads\/2025\/09\/WhatsApp-Image-2025-09-03-at-10.23.16-2-1024x1024.jpeg\" alt=\"WhatsApp Image 2025-09-03 at 10.23.16 (2)\" \/><\/figure><\/div><div class=\"swiper-slide\" role=\"group\" aria-roledescription=\"slide\" aria-label=\"4 sur 11\"><figure class=\"swiper-slide-inner\"><img decoding=\"async\" class=\"swiper-slide-image\" src=\"https:\/\/www.pikels.fr\/wp-content\/uploads\/2025\/09\/3-1024x1024.jpg\" alt=\"3\" \/><\/figure><\/div><div class=\"swiper-slide\" role=\"group\" aria-roledescription=\"slide\" aria-label=\"5 sur 11\"><figure class=\"swiper-slide-inner\"><img decoding=\"async\" class=\"swiper-slide-image\" src=\"https:\/\/www.pikels.fr\/wp-content\/uploads\/2025\/09\/WhatsApp-Image-2025-09-03-at-10.23.16-3-1024x1024.jpeg\" alt=\"WhatsApp Image 2025-09-03 at 10.23.16 (3)\" \/><\/figure><\/div><div class=\"swiper-slide\" role=\"group\" aria-roledescription=\"slide\" aria-label=\"6 sur 11\"><figure class=\"swiper-slide-inner\"><img decoding=\"async\" class=\"swiper-slide-image\" src=\"https:\/\/www.pikels.fr\/wp-content\/uploads\/2025\/09\/4-1024x1024.jpg\" alt=\"4\" \/><\/figure><\/div><div class=\"swiper-slide\" role=\"group\" aria-roledescription=\"slide\" aria-label=\"7 sur 11\"><figure class=\"swiper-slide-inner\"><img decoding=\"async\" class=\"swiper-slide-image\" src=\"https:\/\/www.pikels.fr\/wp-content\/uploads\/2025\/09\/WhatsApp-Image-2025-09-03-at-10.23.16-1024x1024.jpeg\" alt=\"WhatsApp Image 2025-09-03 at 10.23.16\" \/><\/figure><\/div><div class=\"swiper-slide\" role=\"group\" aria-roledescription=\"slide\" aria-label=\"8 sur 11\"><figure class=\"swiper-slide-inner\"><img decoding=\"async\" class=\"swiper-slide-image\" src=\"https:\/\/www.pikels.fr\/wp-content\/uploads\/2025\/09\/5-1024x1024.jpg\" alt=\"5\" \/><\/figure><\/div><div class=\"swiper-slide\" role=\"group\" aria-roledescription=\"slide\" aria-label=\"9 sur 11\"><figure class=\"swiper-slide-inner\"><img decoding=\"async\" class=\"swiper-slide-image\" src=\"https:\/\/www.pikels.fr\/wp-content\/uploads\/2025\/09\/WhatsApp-Image-2025-09-03-at-10.23.14-2-1024x1024.jpeg\" alt=\"WhatsApp Image 2025-09-03 at 10.23.14 (2)\" \/><\/figure><\/div><div class=\"swiper-slide\" role=\"group\" aria-roledescription=\"slide\" aria-label=\"10 sur 11\"><figure class=\"swiper-slide-inner\"><img decoding=\"async\" class=\"swiper-slide-image\" src=\"https:\/\/www.pikels.fr\/wp-content\/uploads\/2025\/09\/6-1024x1024.jpg\" alt=\"6\" \/><\/figure><\/div><div class=\"swiper-slide\" role=\"group\" aria-roledescription=\"slide\" aria-label=\"11 sur 11\"><figure class=\"swiper-slide-inner\"><img decoding=\"async\" class=\"swiper-slide-image\" src=\"https:\/\/www.pikels.fr\/wp-content\/uploads\/2025\/09\/WhatsApp-Image-2025-09-03-at-10.23.18-2-1024x1024.jpeg\" alt=\"WhatsApp Image 2025-09-03 at 10.23.18 (2)\" \/><\/figure><\/div>\t\t\t<\/div>\n\t\t\t\t\t\t\t\t\t\t\t\t<div class=\"elementor-swiper-button elementor-swiper-button-prev\" role=\"button\" tabindex=\"0\">\n\t\t\t\t\t\t<svg aria-hidden=\"true\" class=\"e-font-icon-svg e-eicon-chevron-left\" viewBox=\"0 0 1000 1000\" xmlns=\"http:\/\/www.w3.org\/2000\/svg\"><path d=\"M646 125C629 125 613 133 604 142L308 442C296 454 292 471 292 487 292 504 296 521 308 533L604 854C617 867 629 875 646 875 663 875 679 871 692 858 704 846 713 829 713 812 713 796 708 779 692 767L438 487 692 225C700 217 708 204 708 187 708 171 704 154 692 142 675 129 663 125 646 125Z\"><\/path><\/svg>\t\t\t\t\t<\/div>\n\t\t\t\t\t<div class=\"elementor-swiper-button elementor-swiper-button-next\" role=\"button\" tabindex=\"0\">\n\t\t\t\t\t\t<svg aria-hidden=\"true\" class=\"e-font-icon-svg e-eicon-chevron-right\" viewBox=\"0 0 1000 1000\" xmlns=\"http:\/\/www.w3.org\/2000\/svg\"><path d=\"M696 533C708 521 713 504 713 487 713 471 708 454 696 446L400 146C388 133 375 125 354 125 338 125 325 129 313 142 300 154 292 171 292 187 292 204 296 221 308 233L563 492 304 771C292 783 288 800 288 817 288 833 296 850 308 863 321 871 338 875 354 875 371 875 388 867 400 854L696 533Z\"><\/path><\/svg>\t\t\t\t\t<\/div>\n\t\t\t\t\n\t\t\t\t\t\t\t\t\t<\/div>\n\t\t\t\t\t\t<\/div>\n\t\t\t\t<\/div>\n\t\t<div class=\"elementor-element elementor-element-fdf673a e-con-full e-flex e-con e-parent\" data-id=\"fdf673a\" data-element_type=\"container\" data-settings=\"{&quot;background_background&quot;:&quot;classic&quot;}\">\n\t\t\t\t<div class=\"elementor-element elementor-element-80a93c0 elementor-hidden-desktop elementor-hidden-tablet elementor-hidden-mobile elementor-widget elementor-widget-html\" data-id=\"80a93c0\" data-element_type=\"widget\" data-widget_type=\"html.default\">\n\t\t\t\t\t<script>\nfunction Marquee3(selector, speed) {\n  const parent = document.querySelector(selector);\n  const clone = parent.innerHTML;\n  let i = 0;\n  parent.innerHTML += clone;\n\n  setInterval(() => {\n    i += speed;\n    if (i >= parent.children[0].clientWidth) i = 0;\n    parent.children[0].style.marginLeft = `-${i}px`;\n  }, 0);\n}\n\nwindow.addEventListener('load', () => Marquee3('.marquee3', .3));\n<\/script>\t\t\t\t<\/div>\n\t\t\t\t<div class=\"elementor-element elementor-element-4917bc6 elementor-widget__width-inherit marquee3 elementor-widget elementor-widget-heading\" data-id=\"4917bc6\" data-element_type=\"widget\" data-widget_type=\"heading.default\">\n\t\t\t\t\t<h2 class=\"elementor-heading-title elementor-size-default\">Ouvert tout les jours de 11h \u00e0 minuit ! 40 Cr Jean Jaur\u00e8s, 38000 Grenoble    Ouvert tout les jours de 11h \u00e0 minuit ! 40 Cr Jean Jaur\u00e8s, 38000 Grenoble&nbsp;<\/h2>\t\t\t\t<\/div>\n\t\t\t\t<\/div>\n\t\t\t\t<\/div>\n\t\t","protected":false},"excerpt":{"rendered":"<p>Le bon go\u00fbt du hot-dog ! D\u00e9couvrir le menu \ud83d\udccdOuvert tout les jours de 11h \u00e0 minuit ! 40 Cr Jean Jaur\u00e8s, 38000 Grenoble \ud83d\udccdOuvert tout les jours de 11h \u00e0 minuit ! 40 Cr Jean Jaur\u00e8s, 38000 Grenoble&nbsp; Pikel&rsquo;s le hot dog grenoblois Tout a commenc\u00e9 quand Nadjib et Medhi ont lanc\u00e9s l\u2019id\u00e9e de [&hellip;]<\/p>\n","protected":false},"author":1,"featured_media":0,"parent":0,"menu_order":0,"comment_status":"closed","ping_status":"closed","template":"elementor_header_footer","meta":{"footnotes":""},"class_list":["post-7","page","type-page","status-publish","hentry"],"_links":{"self":[{"href":"https:\/\/www.pikels.fr\/index.php?rest_route=\/wp\/v2\/pages\/7","targetHints":{"allow":["GET"]}}],"collection":[{"href":"https:\/\/www.pikels.fr\/index.php?rest_route=\/wp\/v2\/pages"}],"about":[{"href":"https:\/\/www.pikels.fr\/index.php?rest_route=\/wp\/v2\/types\/page"}],"author":[{"embeddable":true,"href":"https:\/\/www.pikels.fr\/index.php?rest_route=\/wp\/v2\/users\/1"}],"replies":[{"embeddable":true,"href":"https:\/\/www.pikels.fr\/index.php?rest_route=%2Fwp%2Fv2%2Fcomments&post=7"}],"version-history":[{"count":164,"href":"https:\/\/www.pikels.fr\/index.php?rest_route=\/wp\/v2\/pages\/7\/revisions"}],"predecessor-version":[{"id":257,"href":"https:\/\/www.pikels.fr\/index.php?rest_route=\/wp\/v2\/pages\/7\/revisions\/257"}],"wp:attachment":[{"href":"https:\/\/www.pikels.fr\/index.php?rest_route=%2Fwp%2Fv2%2Fmedia&parent=7"}],"curies":[{"name":"wp","href":"https:\/\/api.w.org\/{rel}","templated":true}]}}